) = 4*i**2 - 28*i + 20. Let y be o(6). Is (y/(-6))/(-1 - 4795/(-4785)) composite?
True
Let a = 7597 - 10983. Is (-13)/(-4)*a*-2 a prime number?
False
Let j = 228 - 218. Suppose 14 - j = n, -4*n = a - 1203. Is a prime?
True
Suppose 7*r - 2710 = 2*r. Let i be 738/(-164)*(-894)/27. Let f = i + r. Is f a prime number?
True
Suppose 2*t - 11 = -q, -30 - 7 = -5*q - 4*t. Suppose 0 = 14*v - q*v - 71937. Is v a composite number?
False
Is (-310870)/(-2) - ((-28)/(-2) - 22) composite?
False
Let n(r) = -365*r**3 + 31*r**2 - 10*r - 21. Let c(o) = 73*o**3 - 6*o**2 + 2*o + 4. Let w(y) = -11*c(y) - 2*n(y). Is w(-5) a composite number?
True
Let b(n) = -n**3 + 2*n**2 - 7. Let s(d) = -d. Let a be s(-10). Let l be b(a). Let j = l - -1880. Is j a prime number?
False
Suppose 2*u - 2*m + 404 = 0, 3*u + 2*m + 996 = -2*u. Let f = 487 + u. Is f composite?
True
Let a(z) = z**3 + 8*z**2 - 97*z - 559. Let j be a(-5). Let b(w) = w + 9. Let c be b(0). Is (1515/c - j)*3 a composite number?
True
Is 282140255/7665 + 2*1/21 a composite number?
False
Let x be 2/3 - 642252/(-36). Suppose -8*o = 3*j - 7*o - 17850, 3*j = -4*o + x. Is j a prime number?
False
Let d(q) = 68 + 16*q - 14 + 3*q**2 - 4*q**2 + 6*q**2. Is d(-25) composite?
True
Suppose -3*d + 286593 = 2*n, -858 = 2*d + 3*n - 191905. Is d prime?
False
Is 6/(-4)*14/(-42)*(-33 - -102971) a prime number?
False
Suppose -b + 4*s + 16 = -3*b, 3*b - 2*s = 8. Let g be (-6874)/14 + (-2)/(b + -1). Is g/(-9)*(-4 - -7) prime?
True
Suppose -5*h - p = -8789, h + 180 - 1933 = -5*p. Let n = h - -149. Is n composite?
False
Let b = -11629 + 17826. Is b prime?
True
Suppose 19*x - 26*x = 105. Let h be (9/x + 0)/(6/(-30)). Suppose 3415 = 5*t + 4*j, -h*t + 2022 = -j - 2*j. Is t prime?
False
Suppose 2*y - 97*m = -94*m + 128787, -2*y + 128782 = -4*m. Is y a prime number?
False
Let p = 235864 + -77001. Is p a composite number?
False
Let k = 369 + -618. Let w = 356 + k. Suppose 0 = 2*x - w - 87. Is x a composite number?
False
Let f(h) = -2010*h + 28. Let z be f(-2). Suppose -4*s + 4018 = -2*p, -4*p = -6*s + 10*s - z. Is s a composite number?
True
Suppose 0 = -x - 3, m - 739240 = 1144*x - 1145*x. Is m composite?
True
Let g = -205483 - -298663. Let m = g + -55703. Is m composite?
True
Let c be 7/(-3)*(-30 + -3). Let j = -72 + c. Suppose -j*m - 1728 = -a - 5080, -4*m - a = -2687. Is m composite?
True
Suppose 0 = -39*d + 23*d + 462896. Is d prime?
False
Let w = 155 + -131. Suppose -x - 3*x = -w. Suppose 0*n = -x*n + 7890. Is n prime?
False
Let f(y) = -3114*y - 823. Is f(-15) a prime number?
True
Let n be 24 + (4/(-8))/((-2)/(-8)). Let g = 25 - n. Is 236/6*-4*g/(-8) composite?
False
Suppose -19 = -3*b + l, 0*l = 3*b + 4*l - 14. Let q(s) = 25*s + 34 - s**3 - b*s + 14*s - 4*s**2 + 17*s**2. Is q(15) a prime number?
True
Let d be -15 - -18263 - (-1 - -1)/(-1). Suppose 5*q - 24 = 1. Suppose -3*b = q*b - d. Is b prime?
True
Let u be 22 - (0 - -5) - (-2 - 0). Let h(v) = 691*v + 124. Is h(u) composite?
True
Suppose -2 + 90 = -4*m. Suppose -163*y + 4*z + 612 = -167*y, -y + 2*z - 156 = 0. Is -17*4034/m - (-28)/y a prime number?
False
Suppose 10*r - r = -4*r + 4030. Let d(k) = 4*k**3 + 6*k - 7. Let c be d(5). Let v = c - r. Is v a composite number?
True
Suppose 18*l - 13141511 = 5915467 + 8923464. Is l composite?
True
Suppose 101*v + 5 = 102*v. Suppose v*n + 11*l - 6*l - 18915 = 0, l + 18939 = 5*n. Is n composite?
True
Suppose 69*c + 38*c + 458241 = 128*c. Is c a composite number?
False
Suppose 39045 + 47305 = 5*s. Suppose 101*r = 91*r + s. Is r composite?
True
Suppose -25645573 = 557*i - 370727682. Is i a prime number?
True
Let u(r) = 4264*r + 487. Is u(16) a composite number?
False
Let v be (-63)/14 + 1/4*2. Let g = 42 - v. Suppose g = k - 33. Is k prime?
True
Is 436429*((-806)/(-91))/31 composite?
True
Let x(l) be the third derivative of 23*l**5/60 - 5*l**4/24 - l**3/2 + 9*l**2. Let s be x(-3). Suppose -2*n + s = -379. Is n a composite number?
True
Let z(x) = 8*x**2 + 54*x - 16. Let g be z(-9). Suppose -520 = -2*r - g. Is r composite?
True
Suppose g - 18 = -2*g. Let z(l) = 4*l - 26. Let m be z(g). Is (-2*5)/(m/79) a prime number?
False
Let b be 1*(-11 - 2)*(2 + 1). Let t = -39 - b. Suppose -3*r + 8*r - 265 = t. Is r a composite number?
False
Suppose 0 = 4*b + 367 + 329. Let y = b - -715. Is y a prime number?
True
Let v(l) = -38*l**3 + 5*l**2 + 5*l + 4. Let i(o) = 4*o + 29. Let b be i(-8). Let n be v(b). Let r = -681 + n. Is r a prime number?
True
Is 84/(-48)*4 - -94818 a composite number?
False
Let s(y) = y**2 + 26*y - 62. Let i be s(-28). Is 12/(-10 - i)*(-3163)/3 a composite number?
False
Let l = 38776 + -14643. Is l a composite number?
False
Suppose 0 = a + 4*b - 5 - 112, -2*a + 2*b = -284. Suppose -136*o - 977 = -a*o. Is o composite?
False
Let w be 2/7 - (-493660)/28. Suppose 0 = -j + 3*b, -4*b + 16 = -341*j + 337*j. Is (-1)/(-2) - 1/(j/w) prime?
True
Let u be (-1678)/8 + (-86)/344. Let f = 6715 + u. Is f prime?
False
Let p(k) = -2*k**3 + 3*k**2 - 2*k. Suppose y + 11 = -2*o, 0 = 4*y + 5*o + 26 + 6. Let w be p(y). Is w + -3 + 0 + -1 composite?
False
Let y be ((1 - -39)*-1)/(12/(-77574)). Suppose -19*d + y + 32215 = 0. Is d prime?
False
Suppose -5*d - 2*m - 90 = m, 0 = 5*d + 4*m + 90. Is 3*(7 + (-4992)/d) prime?
True
Suppose p = -3*p - 5*c - 245395, p + 5*c = -61345. Let o be (p/(-9))/10 + 2/6. Suppose -4*w = -16, 0 = -2*j + 3*w - 0*w + o. Is j a prime number?
True
Suppose 2*b - 48332 = 3*w, 0 = 17*b - 20*b + 2*w + 72493. Is b prime?
False
Let b = -56 + 56. Suppose 4*p - 1436 - 3336 = b. Is p a prime number?
True
Let g(w) = -w**2 - 138*w + 573. Is g(-79) composite?
True
Let b be (-3 + 4)*(2 - 1). Let j be 37763*((0 - 0) + b). Suppose l - 12*l + j = 0. Is l a composite number?
False
Suppose 5*l - 3216 = c, -c - 923 - 2325 = 3*l. Let y = -1899 - c. Is y prime?
False
Let g = -14167 + 39445. Suppose -17*m - 5*m + g = 0. Is m prime?
False
Suppose 3*z + 88478 = a, 34*a - z - 353967 = 30*a. Is a prime?
True
Is (-595 - -592) + (-156104)/(-3) + 2/(-3) prime?
False
Let k(m) = -m**3 - 2*m**2 + 1. Let x(r) = 2*r**3 + 25*r**2 - 29*r - 22. Let y(o) = -3*k(o) - x(o). Is y(24) a composite number?
True
Let r be (48 + 2)/(-5)*-1. Is 0/(-2*5/r) - -491 prime?
True
Let n be -159*-39*7/63. Suppose -19*c - n = -5800. Is c a prime number?
True
Is (-99 - 15)/(-19)*7937/2 a prime number?
False
Let z = -496 + 3172. Suppose -z = 19*p - 25*p. Is p a prime number?
False
Suppose 7*s - 13399513 = -26*s - 4*s. Is s prime?
False
Suppose 20*g - 2*g = 36. Suppose -6*u = -11*u - 4*j + 26077, u - g*j = 5207. Is u prime?
False
Let l = -16328 - -36006. Is l a prime number?
False
Let c = -104 + 102. Let g be ((-25)/c)/(-5)*16/(-10). Suppose -2*r = -g*b - 2090, -10*r + 8*r = 2*b - 2102. Is r a composite number?
False
Let j(b) = 5*b**3 - 150*b**2 - 16*b - 54. Is j(37) a prime number?
True
Let y(s) = 453950*s + 14917. Is y(6) a prime number?
False
Is 78546/(-9)*4329/(-78) + -6 a composite number?
False
Let d = 4 - 10. Let g(p) be the first derivative of -105*p**2/2 - 7*p - 734. Is g(d) prime?
False
Suppose 9*q = -11*q + 240. Suppose -16*j + 54861 = 5*k - q*j, 2*k + 2*j - 21944 = 0. Is k composite?
False
Let m(u) be the second derivative of 383*u**3/6 + u**2/2 + u. Let w be 2/(-1)*(23 - (27 - 3)). Is m(w) composite?
True
Is (3/(-48))/(40/(-192951680)) prime?
True
Suppose -2*g - 43808 = -18*g. Let z = 12810 - g. Let k = z + -3893. Is k prime?
False
Let u = -5 - 2. Let l(b) be the third derivative of -b**6/30 - 2*b**5/15 - b**4/4 - 13*b**3/6 - 2*b**2 - 6. Is l(u) a prime number?
True
Let h = -14012 + 7064. Let t = 12919 + h. Is t a prime number?
False
Let b be 44289/12 + 18/(-24). Is -4 + b + -1 + -2 composite?
True
Suppose 10*d - 10811 = 9*d - 5*v, -5*v = -4*d + 43094. Is d a composite number?
False
Let z = 447196 - 232658. Is z a prime number?
False
Is ((-6)/(-4))/((-639)/(-25675446)) composite?
False
Let q = -81 - -86. Suppose 22*v = 2*t + 25*v - 5335, 5333 = 2*t + q*v. Is t a prime number?
False
Let r be 3352/12*6/4. Suppose v - k = k - 145, 0 = -3*v + 2*k - r. Let h = 24 - v. Is h a composite number?
True
Suppose -17163*q = -17191*q + 1994804. Is q a prime number?
False
Let h(x) = 268*x + 553. Is h(82) a prime number?
False
Suppose 14 = -5*f - 1, -7 = -4*s - 3*f. Suppose -13 = 3*t + 2*q - 32, -30 =